{"id":1030,"date":"2025-12-08T10:10:52","date_gmt":"2025-12-08T10:10:52","guid":{"rendered":"https:\/\/lybesaitti.com\/alexh\/?page_id=1030"},"modified":"2025-12-11T10:53:28","modified_gmt":"2025-12-11T10:53:28","slug":"tarkoitus","status":"publish","type":"page","link":"https:\/\/lybesaitti.com\/alexh\/","title":{"rendered":"Etusivu"},"content":{"rendered":"\n<h2 class=\"wp-block-heading has-x-large-font-size\">Mist\u00e4 on kyse?<\/h2>\n\n\n\n<p class=\"has-large-font-size\">Sivu opiskelijoille ja heid\u00e4n t\u00f6ille. T\u00e4\u00e4ll\u00e4 n\u00e4kyy portfolioita Brahessa opiskelevien kursseista, t\u00f6ist\u00e4 ja projekteista.<\/p>\n\n\n\n<div class=\"wp-block-columns is-layout-flex wp-container-core-columns-is-layout-9d6595d7 wp-block-columns-is-layout-flex\">\n<div class=\"wp-block-column is-layout-flow wp-block-column-is-layout-flow\">\n<figure class=\"wp-block-image size-full\"><a href=\"https:\/\/lybesaitti.com\/alexh\/portfolio\/\"><img loading=\"lazy\" decoding=\"async\" width=\"513\" height=\"514\" src=\"https:\/\/lybesaitti.com\/alexh\/wp-content\/uploads\/2024\/12\/Nayttokuva-2024-05-02-172451.png\" alt=\"\" class=\"wp-image-957\" srcset=\"https:\/\/lybesaitti.com\/alexh\/wp-content\/uploads\/2024\/12\/Nayttokuva-2024-05-02-172451.png 513w, https:\/\/lybesaitti.com\/alexh\/wp-content\/uploads\/2024\/12\/Nayttokuva-2024-05-02-172451-300x300.png 300w, https:\/\/lybesaitti.com\/alexh\/wp-content\/uploads\/2024\/12\/Nayttokuva-2024-05-02-172451-150x150.png 150w\" sizes=\"auto, (max-width: 513px) 100vw, 513px\" \/><\/a><\/figure>\n<\/div>\n\n\n\n<div class=\"wp-block-column is-layout-flow wp-block-column-is-layout-flow\">\n<figure class=\"wp-block-image size-full\"><a href=\"https:\/\/lybesaitti.com\/alexh\/portfoliot\/\"><img loading=\"lazy\" decoding=\"async\" width=\"506\" height=\"506\" src=\"https:\/\/lybesaitti.com\/alexh\/wp-content\/uploads\/2024\/12\/Nayttokuva-2024-05-02-172456-1.png\" alt=\"\" class=\"wp-image-958\" srcset=\"https:\/\/lybesaitti.com\/alexh\/wp-content\/uploads\/2024\/12\/Nayttokuva-2024-05-02-172456-1.png 506w, https:\/\/lybesaitti.com\/alexh\/wp-content\/uploads\/2024\/12\/Nayttokuva-2024-05-02-172456-1-300x300.png 300w, https:\/\/lybesaitti.com\/alexh\/wp-content\/uploads\/2024\/12\/Nayttokuva-2024-05-02-172456-1-150x150.png 150w\" sizes=\"auto, (max-width: 506px) 100vw, 506px\" \/><\/a><\/figure>\n<\/div>\n\n\n\n<div class=\"wp-block-column is-layout-flow wp-block-column-is-layout-flow\"><\/div>\n<\/div>\n\n\n\n<p><\/p>\n","protected":false},"excerpt":{"rendered":"<p>Mist\u00e4 on kyse? Sivu opiskelijoille ja heid\u00e4n t\u00f6ille. T\u00e4\u00e4ll\u00e4 n\u00e4kyy portfolioita Brahessa opiskelevien kursseista, t\u00f6ist\u00e4 ja projekteista.<\/p>\n","protected":false},"author":1,"featured_media":0,"parent":0,"menu_order":0,"comment_status":"closed","ping_status":"closed","template":"","meta":{"footnotes":""},"class_list":["post-1030","page","type-page","status-publish"],"_links":{"self":[{"href":"https:\/\/lybesaitti.com\/alexh\/wp-json\/wp\/v2\/pages\/1030","targetHints":{"allow":["GET"]}}],"collection":[{"href":"https:\/\/lybesaitti.com\/alexh\/wp-json\/wp\/v2\/pages"}],"about":[{"href":"https:\/\/lybesaitti.com\/alexh\/wp-json\/wp\/v2\/types\/page"}],"author":[{"embeddable":true,"href":"https:\/\/lybesaitti.com\/alexh\/wp-json\/wp\/v2\/users\/1"}],"replies":[{"embeddable":true,"href":"https:\/\/lybesaitti.com\/alexh\/wp-json\/wp\/v2\/comments?post=1030"}],"version-history":[{"count":17,"href":"https:\/\/lybesaitti.com\/alexh\/wp-json\/wp\/v2\/pages\/1030\/revisions"}],"predecessor-version":[{"id":1069,"href":"https:\/\/lybesaitti.com\/alexh\/wp-json\/wp\/v2\/pages\/1030\/revisions\/1069"}],"wp:attachment":[{"href":"https:\/\/lybesaitti.com\/alexh\/wp-json\/wp\/v2\/media?parent=1030"}],"curies":[{"name":"wp","href":"https:\/\/api.w.org\/{rel}","templated":true}]}}